{"id":1910,"date":"2019-08-13T11:03:11","date_gmt":"2019-08-13T08:03:11","guid":{"rendered":"http:\/\/medify.wgl-demo.net\/?page_id=1910"},"modified":"2025-08-15T11:02:56","modified_gmt":"2025-08-15T08:02:56","slug":"anasayfa","status":"publish","type":"page","link":"https:\/\/www.ursak.org\/v3\/","title":{"rendered":"Anasayfa"},"content":{"rendered":"<p>&nbsp;<\/p>\n<p><img decoding=\"async\" src=\"http:\/\/www.ursak.org\/v3\/wp-content\/uploads\/2025\/08\/isutx2025-1.jpg\" alt=\"\" width=\"100%\" height=\"100%\" \/><\/p>\n<h3><\/h3>\n<h3>Derne\u011fimiz Hakk\u0131nda<\/h3>\n<p>\u00dcRSAK kanser hastalar\u0131n\u0131n \u00fcreme sa\u011fl\u0131\u011f\u0131n\u0131 koruma alt\u0131na almay\u0131 ama\u00e7l\u0131yor.<\/p>\n<p>&nbsp;<\/p>\n<h3>Blog ve Duyurular<\/h3>\n<p>Derne\u011fimiz ile ilgili son haberler ve duyurulara ula\u015fabilirsiniz.<\/p>\n<p>&nbsp;<\/p>\n<h3>\u0130leti\u015fim<\/h3>\n<p>Sorular\u0131n\u0131z i\u00e7in ileti\u015fim formundan ya da ileti\u015fim numaralar\u0131 ula\u015fabilirsiniz.<\/p>\n<p><a href=\"http:\/\/www.ursak.org\/v3\/iletisim\/\"><\/a><br \/>\nHakk\u0131m\u0131zda<\/p>\n<h3>\u00dcreme Sa\u011fl\u0131\u011f\u0131n\u0131 Koruma Derne\u011fi<\/h3>\n<p>D\u00fcnyada ve \u00fclkemizde h\u0131zla artan kanser olgular\u0131 \u00fcreme sa\u011fl\u0131\u011f\u0131n\u0131n korunmas\u0131 konusunun dikkate al\u0131nmas\u0131n\u0131 zorunlu hale getirdi.\u00a0T\u00fcrkiye\u2019de bir ilke imza atan ve zor bir sosyal sorumluluk g\u00f6revi \u00fcstlenen \u00dcRSAK art\u0131k kanser hastalar\u0131n\u0131n \u00fcreme sa\u011fl\u0131\u011f\u0131n\u0131 koruma alt\u0131na almay\u0131 ama\u00e7l\u0131yor.<\/p>\n<p>Bilgilendirme<\/p>\n<h3>Hasta Bilgilendirme<\/h3>\n<p>Dernek, sa\u011fl\u0131k \u00e7al\u0131\u015fanlar\u0131n\u0131n kanser tedavisi \u00f6ncesi hastan\u0131n \u00fcreme fonksiyonlar\u0131n\u0131n korunmas\u0131 konusunda bilin\u00e7lendirilmesi ve e\u011fitilmesinin yan\u0131 s\u0131ra kanser tedavisi g\u00f6recek hastalar\u0131n tedavi \u00f6ncesi bilin\u00e7lendirilmesini ve gerekli t\u0131bbi yard\u0131m\u0131n yap\u0131lmas\u0131n\u0131 da hedefliyor.<\/p>\n<figure><img loading=\"lazy\" decoding=\"async\" src=\"http:\/\/www.ursak.org\/v3\/wp-content\/uploads\/2020\/05\/kadininfertilitesi2.png\" sizes=\"auto, (max-width: 230px) 100vw, 230px\" srcset=\"https:\/\/www.ursak.org\/v3\/wp-content\/uploads\/2020\/05\/kadininfertilitesi2.png 230w, https:\/\/www.ursak.org\/v3\/wp-content\/uploads\/2020\/05\/kadininfertilitesi2-150x150.png 150w, https:\/\/www.ursak.org\/v3\/wp-content\/uploads\/2020\/05\/kadininfertilitesi2-180x180.png 180w, https:\/\/www.ursak.org\/v3\/wp-content\/uploads\/2020\/05\/kadininfertilitesi2-120x120.png 120w\" alt=\"\" width=\"230\" height=\"230\" \/><\/figure>\n<h3>Kad\u0131n \u0130nfertilitesi<\/h3>\n<p>&nbsp;<\/p>\n<figure><img loading=\"lazy\" decoding=\"async\" src=\"http:\/\/www.ursak.org\/v3\/wp-content\/uploads\/2020\/05\/erkekinfertilitesi2.png\" sizes=\"auto, (max-width: 230px) 100vw, 230px\" srcset=\"https:\/\/www.ursak.org\/v3\/wp-content\/uploads\/2020\/05\/erkekinfertilitesi2.png 230w, https:\/\/www.ursak.org\/v3\/wp-content\/uploads\/2020\/05\/erkekinfertilitesi2-150x150.png 150w, https:\/\/www.ursak.org\/v3\/wp-content\/uploads\/2020\/05\/erkekinfertilitesi2-180x180.png 180w, https:\/\/www.ursak.org\/v3\/wp-content\/uploads\/2020\/05\/erkekinfertilitesi2-120x120.png 120w\" alt=\"\" width=\"230\" height=\"230\" \/><\/figure>\n<h3>Erkek \u0130nfertilitesi<\/h3>\n<p>&nbsp;<\/p>\n<figure><img loading=\"lazy\" decoding=\"async\" src=\"http:\/\/www.ursak.org\/v3\/wp-content\/uploads\/2020\/05\/doktorlarhk3.png\" sizes=\"auto, (max-width: 230px) 100vw, 230px\" srcset=\"https:\/\/www.ursak.org\/v3\/wp-content\/uploads\/2020\/05\/doktorlarhk3.png 230w, https:\/\/www.ursak.org\/v3\/wp-content\/uploads\/2020\/05\/doktorlarhk3-150x150.png 150w, https:\/\/www.ursak.org\/v3\/wp-content\/uploads\/2020\/05\/doktorlarhk3-180x180.png 180w, https:\/\/www.ursak.org\/v3\/wp-content\/uploads\/2020\/05\/doktorlarhk3-120x120.png 120w\" alt=\"\" width=\"230\" height=\"230\" \/><\/figure>\n<h3>Doktorlar<\/h3>\n<p><a href=\"http:\/\/www.ursak.org\/v3\/bilgilendirme\/doktor-bilgilendirme\/\"><\/a><br \/>\nKurulumuz<\/p>\n<h3>Y\u00f6netim Kurulu<\/h3>\n<figure><a href=\"\/yonetim-kurulu\/prof-dr-ozgur-oktem\/\"><br \/>\n<img decoding=\"async\" title=\"Prof. Dr. \u00d6zg\u00fcr \u00d6ktem\" src=\"http:\/\/www.ursak.org\/v3\/wp-content\/uploads\/elementor\/thumbs\/ozguroktem1-op2ojk1r92rtlqjawnw775ea9n79mlhkg1xprcs7d0.png\" alt=\"Prof. Dr. \u00d6zg\u00fcr \u00d6ktem\" \/> <\/a><figcaption>Prof. Dr. \u00d6zg\u00fcr \u00d6ktem<\/figcaption><\/figure>\n<figure><a href=\"https:\/\/www.ursak.org\/v3\/yonetim-kurulu\/prof-dr-volkan-turan\/\"><br \/>\n<img decoding=\"async\" title=\"Volkan Turan\" src=\"http:\/\/www.ursak.org\/v3\/wp-content\/uploads\/elementor\/thumbs\/MicrosoftTeams-image-5-ph5hhi3suyofq5mampmu97zjcscpmzeonolsetu8n8.png\" alt=\"Volkan Turan\" \/> <\/a><figcaption>Prof. Dr. Volkan Turan<\/figcaption><\/figure>\n<figure><a href=\"\/yonetim-kurulu\/prof-dr-aylin-pelin-cil\/\"><br \/>\n<img decoding=\"async\" title=\"Prof. Dr. Aylin Pelin \u00c7il\" src=\"http:\/\/www.ursak.org\/v3\/wp-content\/uploads\/elementor\/thumbs\/aylinpelincil1-op2ojkzlfwt3xchxr6atrn5qv12mualas6l78mqt6s.png\" alt=\"Prof. Dr. Aylin Pelin \u00c7il\" \/> <\/a><figcaption>Prof. Dr. Aylin Pelin \u00c7il<\/figcaption><\/figure>\n<figure><a href=\"\/yonetim-kurulu\/dr-necati-findikli\/\"><br \/>\n<img decoding=\"async\" title=\"Dr. Necati F\u0131nd\u0131kl\u0131\" src=\"http:\/\/www.ursak.org\/v3\/wp-content\/uploads\/elementor\/thumbs\/necatifindikli2-op2ok9fedlqkb7ifsgv4kgzqb1q6efabjjjtptqkp0.png\" alt=\"Dr. Necati F\u0131nd\u0131kl\u0131\" \/> <\/a><figcaption>Dr. Necati F\u0131nd\u0131kl\u0131<\/figcaption><\/figure>\n<figure><a href=\"\/yonetim-kurulu\/op-dr-guvenc-karlikaya\/\"><br \/>\n<img decoding=\"async\" title=\"Op. Dr. G\u00fcven\u00e7 Karl\u0131kaya\" src=\"http:\/\/www.ursak.org\/v3\/wp-content\/uploads\/elementor\/thumbs\/guvenckalikaya-op2ohe15htt0u3omk865y730ynvsvpvuhbsexdzvpg.png\" alt=\"Op. Dr. G\u00fcven\u00e7 Karl\u0131kaya\" \/> <\/a><figcaption>Op. Dr. G\u00fcven\u00e7 Karl\u0131kaya<\/figcaption><\/figure>\n<figure><a href=\"https:\/\/www.ursak.org\/v3\/yonetim-kurulu\/prof-dr-remzi-abali\/\"><br \/>\n<img decoding=\"async\" title=\"Remzi Abal\u0131\" src=\"http:\/\/www.ursak.org\/v3\/wp-content\/uploads\/elementor\/thumbs\/MicrosoftTeams-image-4-ph5i5d8adjcihqyda0zuk76uayq72c5clsvl1qgeo4.png\" alt=\"Remzi Abal\u0131\" \/> <\/a><figcaption>Prof.Dr. Remzi Abal\u0131<\/figcaption><\/figure>\n<figure><a href=\"https:\/\/www.ursak.org\/v3\/yonetim-kurulu\/prof-dr-sabri-cavkaytar\/\"><br \/>\n<img decoding=\"async\" title=\"Sabri Cavkaytar\" src=\"http:\/\/www.ursak.org\/v3\/wp-content\/uploads\/elementor\/thumbs\/sabrihoca-phfz30ild765ssaa2kyhey2t0jnymgpexbgc8qls90.png\" alt=\"Sabri Cavkaytar\" \/> <\/a><figcaption>Prof.Dr. Sabri Cavkaytar<\/figcaption><\/figure>\n<figure><a href=\"\/yonetim-kurulu\/prof-dr-kayhan-yakin\/\"><br \/>\n<img decoding=\"async\" title=\"Prof. Dr. Kayhan Yak\u0131n\" src=\"http:\/\/www.ursak.org\/v3\/wp-content\/uploads\/elementor\/thumbs\/kayhanyakin1-op2ojh88oknymwned4obho3whhl5zi6dfnz9biwdvo.png\" alt=\"Prof. Dr. Kayhan Yak\u0131n\" \/> <\/a><figcaption>Prof. Dr. Kayhan Yak\u0131n<\/figcaption><\/figure>\n<figure><a href=\"\/yonetim-kurulu\/prof-dr-ugur-selek\/\"><br \/>\n<img decoding=\"async\" title=\"Prof. Dr. U\u011fur Selek\" src=\"http:\/\/www.ursak.org\/v3\/wp-content\/uploads\/elementor\/thumbs\/ugurselek1-op2olr0775rwozcm3m0v0lh060e3l670qwqi2lj4uc.png\" alt=\"Prof. Dr. U\u011fur Selek\" \/> <\/a><figcaption>Prof. Dr. U\u011fur Selek<\/figcaption><\/figure>\n<h3>Soru ve \u00d6nerileriniz i\u00e7in Bize Ula\u015fabilirsiniz.<\/h3>\n<p><a href=\"tel:4443949\">444 39 49<\/a><br \/>\n\u00fcreme sa\u011fl\u0131\u011f\u0131<\/p>\n<h3>K\u0131s\u0131rl\u0131k i\u00e7in riskler<\/h3>\n<p>Kanser tedavisi sonras\u0131nda k\u0131s\u0131rl\u0131\u011fa yol a\u00e7abilecek riskler bir\u00e7ok \u015feye ba\u011fl\u0131 olabilir.<\/p>\n<h3>Kanser &amp; Kemoterapi<\/h3>\n<p>Kanser ve Kemoterapi tedavisi tipi, uygulanma s\u00fcresi ve dozu<\/p>\n<h3>Cerrahi tedaviler<\/h3>\n<p>Ge\u00e7irmi\u015f olunan cerrahi operasyonun yeri ve operasyonun cerrahi kapsam\u0131<\/p>\n<p><img loading=\"lazy\" decoding=\"async\" src=\"http:\/\/www.ursak.org\/v3\/wp-content\/uploads\/2020\/05\/section-bg-103.png\" sizes=\"auto, (max-width: 571px) 100vw, 571px\" srcset=\"https:\/\/www.ursak.org\/v3\/wp-content\/uploads\/2020\/05\/section-bg-103.png 571w, https:\/\/www.ursak.org\/v3\/wp-content\/uploads\/2020\/05\/section-bg-103-286x300.png 286w\" alt=\"\" width=\"571\" height=\"600\" \/><\/p>\n<h3>Radyasyon<\/h3>\n<p>Maruz kal\u0131nan\u00a0<em>doz<\/em>, radyoizotopun cinsi ve miktar\u0131<\/p>\n<h3>Di\u011fer Nedenler<\/h3>\n<p>Ya\u015f, tedavi \u00f6ncesindeki do\u011furganl\u0131k stat\u00fcs\u00fc ve genetik yatk\u0131nl\u0131k<\/p>\n<p>amac\u0131m\u0131z<\/p>\n<h3>\u00dcreme Sa\u011fl\u0131\u011f\u0131n\u0131 Koruma Derne\u011fi \u00dcRSAK hangi ama\u00e7la kuruldu?<\/h3>\n<p><a href=\"http:\/\/www.ursak.org\/v3\/hakkimizda\/\" role=\"button\"><br \/>\nHakk\u0131m\u0131zda<br \/>\n<\/a><br \/>\n<iframe loading=\"lazy\" title=\"\u00dcreme Sa\u011fl\u0131\u011f\u0131n\u0131 Koruma Derne\u011fi \u00dcRSAK hangi ama\u00e7la kuruldu?\" width=\"500\" height=\"281\" src=\"https:\/\/www.youtube.com\/embed\/j3oDnmQ8RcY?feature=oembed\" frameborder=\"0\" allow=\"accelerometer; autoplay; clipboard-write; encrypted-media; gyroscope; picture-in-picture; web-share\" referrerpolicy=\"strict-origin-when-cross-origin\" allowfullscreen><\/iframe><br \/>\n<img decoding=\"async\" src=\"http:\/\/www.ursak.org\/v3\/wp-content\/uploads\/2020\/04\/contactursak.png\" alt=\"contactursak\" \/><br \/>\n<img decoding=\"async\" src=\"http:\/\/www.ursak.org\/v3\/wp-content\/uploads\/2020\/04\/embryo2.png\" alt=\"embryo2\" \/><br \/>\n\u0130leti\u015fim<\/p>\n<h3>Bizimle \u0130leti\u015fime Ge\u00e7in<\/h3>\n\n<div class=\"wpcf7 no-js\" id=\"wpcf7-f2002-o1\" lang=\"en-US\" dir=\"ltr\" data-wpcf7-id=\"2002\">\n<div class=\"screen-reader-response\"><p role=\"status\" aria-live=\"polite\" aria-atomic=\"true\"><\/p> <ul><\/ul><\/div>\n<form action=\"\/v3\/wp-json\/wp\/v2\/pages\/1910#wpcf7-f2002-o1\" method=\"post\" class=\"wpcf7-form init\" aria-label=\"Contact form\" novalidate=\"novalidate\" data-status=\"init\">\n<div style=\"display: none;\">\n<input type=\"hidden\" name=\"_wpcf7\" value=\"2002\" \/>\n<input type=\"hidden\" name=\"_wpcf7_version\" value=\"6.0.3\" \/>\n<input type=\"hidden\" name=\"_wpcf7_locale\" value=\"en_US\" \/>\n<input type=\"hidden\" name=\"_wpcf7_unit_tag\" value=\"wpcf7-f2002-o1\" \/>\n<input type=\"hidden\" name=\"_wpcf7_container_post\" value=\"0\" \/>\n<input type=\"hidden\" name=\"_wpcf7_posted_data_hash\" value=\"\" \/>\n<\/div>\n<div class='row'>\n\t<div class='wgl_col-12'>\n\t\t<p><span class=\"wpcf7-form-control-wrap\" data-name=\"text-759\"><input size=\"40\" maxlength=\"400\" class=\"wpcf7-form-control wpcf7-text\" aria-invalid=\"false\" placeholder=\"Ad\u0131n\u0131z *\" value=\"\" type=\"text\" name=\"text-759\" \/><\/span>\n\t\t<\/p>\n\t<\/div>\n\t<div class='wgl_col-12'>\n\t\t<p><span class=\"wpcf7-form-control-wrap\" data-name=\"email-613\"><input size=\"40\" maxlength=\"400\" class=\"wpcf7-form-control wpcf7-email wpcf7-text wpcf7-validates-as-email\" aria-invalid=\"false\" placeholder=\"E-posta Adresiniz *\" value=\"\" type=\"email\" name=\"email-613\" \/><\/span>\n\t\t<\/p>\n\t<\/div>\n\t<div class='wgl_col-12'>\n\t\t<p><span class=\"wpcf7-form-control-wrap\" data-name=\"textarea-876\"><textarea cols=\"40\" rows=\"10\" maxlength=\"2000\" class=\"wpcf7-form-control wpcf7-textarea\" aria-invalid=\"false\" placeholder=\"Mesaj...\" name=\"textarea-876\"><\/textarea><\/span>\n\t\t<\/p>\n\t<\/div>\n<\/div>\n<p><input class=\"wpcf7-form-control wpcf7-submit has-spinner\" type=\"submit\" value=\"G\u00f6nder\" \/>\n<\/p><div class=\"wpcf7-response-output\" aria-hidden=\"true\"><\/div>\n<\/form>\n<\/div>\n\n","protected":false},"excerpt":{"rendered":"<p>&nbsp; Derne\u011fimiz Hakk\u0131nda \u00dcRSAK kanser hastalar\u0131n\u0131n \u00fcreme sa\u011fl\u0131\u011f\u0131n\u0131 koruma alt\u0131na almay\u0131 ama\u00e7l\u0131yor. &nbsp; Blog ve Duyurular Derne\u011fimiz ile ilgili son haberler ve duyurulara ula\u015fabilirsiniz. &nbsp; \u0130leti\u015fim Sorular\u0131n\u0131z i\u00e7in ileti\u015fim formundan ya da ileti\u015fim numaralar\u0131 ula\u015fabilirsiniz. Hakk\u0131m\u0131zda \u00dcreme Sa\u011fl\u0131\u011f\u0131n\u0131 Koruma Derne\u011fi D\u00fcnyada ve \u00fclkemizde h\u0131zla artan kanser olgular\u0131 \u00fcreme sa\u011fl\u0131\u011f\u0131n\u0131n korunmas\u0131 konusunun dikkate al\u0131nmas\u0131n\u0131 zorunlu hale [&hellip;]<\/p>\n","protected":false},"author":1,"featured_media":0,"parent":0,"menu_order":0,"comment_status":"closed","ping_status":"closed","template":"","meta":{"footnotes":""},"class_list":["post-1910","page","type-page","status-publish","hentry"],"_links":{"self":[{"href":"https:\/\/www.ursak.org\/v3\/wp-json\/wp\/v2\/pages\/1910","targetHints":{"allow":["GET"]}}],"collection":[{"href":"https:\/\/www.ursak.org\/v3\/wp-json\/wp\/v2\/pages"}],"about":[{"href":"https:\/\/www.ursak.org\/v3\/wp-json\/wp\/v2\/types\/page"}],"author":[{"embeddable":true,"href":"https:\/\/www.ursak.org\/v3\/wp-json\/wp\/v2\/users\/1"}],"replies":[{"embeddable":true,"href":"https:\/\/www.ursak.org\/v3\/wp-json\/wp\/v2\/comments?post=1910"}],"version-history":[{"count":104,"href":"https:\/\/www.ursak.org\/v3\/wp-json\/wp\/v2\/pages\/1910\/revisions"}],"predecessor-version":[{"id":3242,"href":"https:\/\/www.ursak.org\/v3\/wp-json\/wp\/v2\/pages\/1910\/revisions\/3242"}],"wp:attachment":[{"href":"https:\/\/www.ursak.org\/v3\/wp-json\/wp\/v2\/media?parent=1910"}],"curies":[{"name":"wp","href":"https:\/\/api.w.org\/{rel}","templated":true}]}}